{"id":63,"date":"2025-02-03T11:41:14","date_gmt":"2025-02-03T10:41:14","guid":{"rendered":"https:\/\/www.mallar.digitalpartner.se\/mall2\/?page_id=63"},"modified":"2025-02-10T14:43:50","modified_gmt":"2025-02-10T13:43:50","slug":"tjanster","status":"publish","type":"page","link":"https:\/\/www.mallar.digitalpartner.se\/mall2\/tjanster\/","title":{"rendered":"Tj\u00e4nster"},"content":{"rendered":"<section class=\"bde-section-63-100 bde-section\">\n  \n  \n\t\n\n\n\n<div class=\"section-container\"><h1 class=\"bde-heading-63-101 bde-heading\">\ntj\u00e4nster\n<\/h1><\/div>\n<\/section><section class=\"bde-section-63-102 bde-section\">\n  \n  \n\t\n\n\n\n<div class=\"section-container\"><div class=\"bde-fancy-divider-63-103 bde-fancy-divider\">\n\n\n<div class=\"bde-fancy-divider__wrapper\">\n  <div class=\"bde-fancy-divider__separator   \">\n  \t  <\/div>\n<\/div>\n\n<\/div><div class=\"bde-div-63-104 bde-div\">\n  \n  \n\t\n\n\n\n<h2 class=\"bde-heading-63-105 bde-heading\">\nv\u00e5ra tj\u00e4nster\n<\/h2><div class=\"bde-div-63-106 bde-div\">\n  \n  \n\t\n\n\n\n<div class=\"bde-text-63-107 bde-text\">\nLorem ipsum dolor sit amet, consectetur adipiscing elit. Faucibus scelerisque fermentum dignissim neque pretium enim proin. Est turpis velit.\n<\/div><div class=\"bde-button-63-108 bde-button\">\n    \n                                    \n    \n    \n    \n    \n            \n            <button type=\"button\" class=\"button-atom button-atom--custom bde-button__button\"  >\n    \n        <span class=\"button-atom__text\">kontakta oss<\/span>\n\n                            \n        \n            <\/button>\n    \n\n\n<\/div>\n<\/div><div class=\"bde-icon-box-63-109 bde-icon-box\">\n\n    \n            <div class=\"ee-iconbox-icon breakdance-icon-atom\" >\n    \n                    <svg xmlns=\"http:\/\/www.w3.org\/2000\/svg\" width=\"20\" height=\"15\" viewBox=\"0 0 20 15\" fill=\"none\">\n<path d=\"M16.6667 8.88889V5.55556H14.4444V8.88889H11.1111V11.1111H14.4444V14.4444H16.6667V11.1111H20V8.88889H18.9589H16.6667ZM0 0H12.2222V2.22222H0V0ZM0 4.44444H12.2222V6.66667H0V4.44444ZM0 8.88889H8.88889V11.1111H0V8.88889Z\" fill=\"white\"\/>\n<\/svg>\n        \n        \n        \n            <\/div>\n    \n\n<div class=\"ee-iconbox-content\">\n      <h5 class=\"ee-iconbox-title bde-h3\" >tj\u00e4nst 1<\/h5>\n        <div class=\"ee-iconbox-text\" >Lorem ipsum dolor sit amet, consectetur adipiscing elit. Lacus, leo bibendum elementum eget. At sit semper mauris viverra.<\/div>\n            \n                                    \n    \n    \n    \n    \n            \n            <button type=\"button\" class=\"button-atom button-atom--text ee-iconbox-button\"  >\n    \n        <span class=\"button-atom__text\">L\u00c4S MER<\/span>\n\n        \n        \n            <\/button>\n    \n\n  <\/div>\n\n<\/div><div class=\"bde-icon-box-63-156 bde-icon-box\">\n\n    \n            <div class=\"ee-iconbox-icon breakdance-icon-atom\" >\n    \n                    <svg xmlns=\"http:\/\/www.w3.org\/2000\/svg\" width=\"20\" height=\"15\" viewBox=\"0 0 20 15\" fill=\"none\">\n<path d=\"M16.6667 8.88889V5.55556H14.4444V8.88889H11.1111V11.1111H14.4444V14.4444H16.6667V11.1111H20V8.88889H18.9589H16.6667ZM0 0H12.2222V2.22222H0V0ZM0 4.44444H12.2222V6.66667H0V4.44444ZM0 8.88889H8.88889V11.1111H0V8.88889Z\" fill=\"white\"\/>\n<\/svg>\n        \n        \n        \n            <\/div>\n    \n\n<div class=\"ee-iconbox-content\">\n      <h5 class=\"ee-iconbox-title bde-h3\" >tj\u00e4nst 2<\/h5>\n        <div class=\"ee-iconbox-text\" >Lorem ipsum dolor sit amet, consectetur adipiscing elit. Lacus, leo bibendum elementum eget. At sit semper mauris viverra.<\/div>\n            \n                                    \n    \n    \n    \n    \n            \n            <button type=\"button\" class=\"button-atom button-atom--text ee-iconbox-button\"  >\n    \n        <span class=\"button-atom__text\">L\u00c4S MER<\/span>\n\n        \n        \n            <\/button>\n    \n\n  <\/div>\n\n<\/div><div class=\"bde-icon-box-63-157 bde-icon-box\">\n\n    \n            <div class=\"ee-iconbox-icon breakdance-icon-atom\" >\n    \n                    <svg xmlns=\"http:\/\/www.w3.org\/2000\/svg\" width=\"20\" height=\"15\" viewBox=\"0 0 20 15\" fill=\"none\">\n<path d=\"M16.6667 8.88889V5.55556H14.4444V8.88889H11.1111V11.1111H14.4444V14.4444H16.6667V11.1111H20V8.88889H18.9589H16.6667ZM0 0H12.2222V2.22222H0V0ZM0 4.44444H12.2222V6.66667H0V4.44444ZM0 8.88889H8.88889V11.1111H0V8.88889Z\" fill=\"white\"\/>\n<\/svg>\n        \n        \n        \n            <\/div>\n    \n\n<div class=\"ee-iconbox-content\">\n      <h5 class=\"ee-iconbox-title bde-h3\" >tj\u00e4nst 3<\/h5>\n        <div class=\"ee-iconbox-text\" >Lorem ipsum dolor sit amet, consectetur adipiscing elit. Lacus, leo bibendum elementum eget. At sit semper mauris viverra.<\/div>\n            \n                                    \n    \n    \n    \n    \n            \n            <button type=\"button\" class=\"button-atom button-atom--text ee-iconbox-button\"  >\n    \n        <span class=\"button-atom__text\">L\u00c4S MER<\/span>\n\n        \n        \n            <\/button>\n    \n\n  <\/div>\n\n<\/div><div class=\"bde-icon-box-63-158 bde-icon-box\">\n\n    \n            <div class=\"ee-iconbox-icon breakdance-icon-atom\" >\n    \n                    <svg xmlns=\"http:\/\/www.w3.org\/2000\/svg\" width=\"20\" height=\"15\" viewBox=\"0 0 20 15\" fill=\"none\">\n<path d=\"M16.6667 8.88889V5.55556H14.4444V8.88889H11.1111V11.1111H14.4444V14.4444H16.6667V11.1111H20V8.88889H18.9589H16.6667ZM0 0H12.2222V2.22222H0V0ZM0 4.44444H12.2222V6.66667H0V4.44444ZM0 8.88889H8.88889V11.1111H0V8.88889Z\" fill=\"white\"\/>\n<\/svg>\n        \n        \n        \n            <\/div>\n    \n\n<div class=\"ee-iconbox-content\">\n      <h5 class=\"ee-iconbox-title bde-h3\" >tj\u00e4nst 4<\/h5>\n        <div class=\"ee-iconbox-text\" >Lorem ipsum dolor sit amet, consectetur adipiscing elit. Lacus, leo bibendum elementum eget. At sit semper mauris viverra.<\/div>\n            \n                                    \n    \n    \n    \n    \n            \n            <button type=\"button\" class=\"button-atom button-atom--text ee-iconbox-button\"  >\n    \n        <span class=\"button-atom__text\">L\u00c4S MER<\/span>\n\n        \n        \n            <\/button>\n    \n\n  <\/div>\n\n<\/div>\n<\/div><\/div>\n<\/section><section class=\"bde-section-63-113 bde-section\">\n  \n  \n\t\n\n\n\n<div class=\"section-container\"><div class=\"bde-columns-63-114 bde-columns\"><div class=\"bde-column-63-115 bde-column\">\n  \n  \n\t\n\n\n\n<div class=\"bde-image-63-116 bde-image\">\n<figure class=\"breakdance-image breakdance-image--\">\n\t<div class=\"breakdance-image-container\">\n\t\t<div class=\"breakdance-image-clip\"><img loading=\"lazy\" decoding=\"async\" class=\"breakdance-image-object\" src=\"data:image\/svg+xml;charset=UTF-8,%3csvg xmlns='http:\/\/www.w3.org\/2000\/svg' width='540' height='540' viewBox='0 0 140 140'%3e%3cpath d='M0 0h140v140H0z' fill='%23e5e7eb'\/%3e%3cpath d='M88 82.46H51.8v-4.52l6.74-6.74a1.13 1.13 0 011.6 0l5.23 5.23 12.76-12.77a1.13 1.13 0 011.6 0L88 71.91z' fill='%23e5e7eb'\/%3e%3cpath d='M89.48 52.32H50.29a4.52 4.52 0 00-4.52 4.52V84a4.53 4.53 0 004.52 4.52h39.19A4.52 4.52 0 0094 84V56.84a4.52 4.52 0 00-4.52-4.52zm-33.16 5.27a5.28 5.28 0 11-5.27 5.28 5.27 5.27 0 015.27-5.28zM88 82.46H51.8v-4.52l6.74-6.74a1.13 1.13 0 011.6 0l5.23 5.23 12.76-12.77a1.13 1.13 0 011.6 0L88 71.91z' fill='%23d1d5db'\/%3e%3c\/svg%3e\" width=\"540\" height=\"540\"><\/div>\n\t<\/div><\/figure>\n\n<\/div>\n<\/div><div class=\"bde-column-63-117 bde-column\">\n  \n  \n\t\n\n\n\n<h2 class=\"bde-heading-63-118 bde-heading\">\ninformation\n<\/h2><div class=\"bde-text-63-119 bde-text\">\nLorem ipsum dolor sit amet, consectetur adipiscing elit. Ut turpis sagittis in faucibus tellus at senectus velit. Nisl arcu mauris orci augue augue tempus, faucibus mattis. Et euismod nisi, diam hac id suspendisse sed habitant. <br><br>Nullam vitae pretium sed etiam mattis. Egestas nisl, at vulputate semper. Nibh duis fames egestas aliquam lectus eget. Nunc, ut platea interdum eros. Faucibus at cursus et massa tellus. Ornare nulla libero vitae neque tristique morbi gravida mauris faucibus.\n<\/div><div class=\"bde-button-63-120 bde-button\">\n    \n                                    \n    \n    \n    \n    \n            \n            <button type=\"button\" class=\"button-atom button-atom--custom bde-button__button\"  >\n    \n        <span class=\"button-atom__text\">l\u00e4s mer<\/span>\n\n                            \n        \n            <\/button>\n    \n\n\n<\/div><div class=\"bde-fancy-divider-63-121 bde-fancy-divider\">\n\n\n<div class=\"bde-fancy-divider__wrapper\">\n  <div class=\"bde-fancy-divider__separator   \">\n  \t  <\/div>\n<\/div>\n\n<\/div>\n<\/div><\/div><\/div>\n<\/section><section class=\"bde-section-63-129 bde-section\">\n  \n  \n\t\n\n\n\n<div class=\"section-container\"><h2 class=\"bde-heading-63-141 bde-heading\">\nmer om tj\u00e4nster\n<\/h2><div class=\"bde-grid-63-142 bde-grid\">\n  \n  \n\t\n\n\n\n<div class=\"bde-div-63-143 bde-div\">\n  \n  \n\t\n\n\n\n<h4 class=\"bde-heading-63-144 bde-heading\">\ntj\u00e4nst 1\n<\/h4><div class=\"bde-text-63-145 bde-text\">\nLorem ipsum dolor sit amet, consectetur adipiscing elit. Lacus, leo bibendum elementum eget. At sit semper mauris viverra.\n<\/div>\n<\/div><div class=\"bde-div-63-146 bde-div\">\n  \n  \n\t\n\n\n\n<h4 class=\"bde-heading-63-147 bde-heading\">\ntj\u00e4nst 2\n<\/h4><div class=\"bde-text-63-148 bde-text\">\nLorem ipsum dolor sit amet, consectetur adipiscing elit. Lacus, leo bibendum elementum eget. At sit semper mauris viverra.\n<\/div>\n<\/div><div class=\"bde-div-63-149 bde-div\">\n  \n  \n\t\n\n\n\n<h4 class=\"bde-heading-63-150 bde-heading\">\ntj\u00e4nst 3\n<\/h4><div class=\"bde-text-63-151 bde-text\">\nLorem ipsum dolor sit amet, consectetur adipiscing elit. Lacus, leo bibendum elementum eget. At sit semper mauris viverra.\n<\/div>\n<\/div><div class=\"bde-div-63-152 bde-div\">\n  \n  \n\t\n\n\n\n<h4 class=\"bde-heading-63-153 bde-heading\">\ntj\u00e4nst 4\n<\/h4><div class=\"bde-text-63-154 bde-text\">\nLorem ipsum dolor sit amet, consectetur adipiscing elit. Lacus, leo bibendum elementum eget. At sit semper mauris viverra.\n<\/div>\n<\/div>\n<\/div><\/div>\n<\/section>","protected":false},"excerpt":{"rendered":"<p>tj\u00e4nster v\u00e5ra tj\u00e4nster Lorem ipsum dolor sit amet, consectetur adipiscing elit. Faucibus scelerisque fermentum dignissim neque pretium enim proin. Est turpis velit. kontakta oss tj\u00e4nst 1 Lorem ipsum dolor sit amet, consectetur adipiscing elit. Lacus, leo bibendum elementum eget. At sit semper mauris viverra. L\u00c4S MER tj\u00e4nst 2 Lorem ipsum dolor sit amet, consectetur adipiscing [&hellip;]<\/p>\n","protected":false},"author":1,"featured_media":0,"parent":0,"menu_order":0,"comment_status":"closed","ping_status":"closed","template":"","meta":{"_acf_changed":false,"_breakdance_hide_in_design_set":false,"_breakdance_tags":"","footnotes":""},"class_list":["post-63","page","type-page","status-publish","hentry"],"acf":[],"_links":{"self":[{"href":"https:\/\/www.mallar.digitalpartner.se\/mall2\/wp-json\/wp\/v2\/pages\/63","targetHints":{"allow":["GET"]}}],"collection":[{"href":"https:\/\/www.mallar.digitalpartner.se\/mall2\/wp-json\/wp\/v2\/pages"}],"about":[{"href":"https:\/\/www.mallar.digitalpartner.se\/mall2\/wp-json\/wp\/v2\/types\/page"}],"author":[{"embeddable":true,"href":"https:\/\/www.mallar.digitalpartner.se\/mall2\/wp-json\/wp\/v2\/users\/1"}],"replies":[{"embeddable":true,"href":"https:\/\/www.mallar.digitalpartner.se\/mall2\/wp-json\/wp\/v2\/comments?post=63"}],"version-history":[{"count":6,"href":"https:\/\/www.mallar.digitalpartner.se\/mall2\/wp-json\/wp\/v2\/pages\/63\/revisions"}],"predecessor-version":[{"id":78,"href":"https:\/\/www.mallar.digitalpartner.se\/mall2\/wp-json\/wp\/v2\/pages\/63\/revisions\/78"}],"wp:attachment":[{"href":"https:\/\/www.mallar.digitalpartner.se\/mall2\/wp-json\/wp\/v2\/media?parent=63"}],"curies":[{"name":"wp","href":"https:\/\/api.w.org\/{rel}","templated":true}]}}